List the prime factors of z.
2, 7
List the prime factors of 1/((-7)/11872*-8).
2, 53
Let f be 2/(-8) + 7/28. Let r be (f/2)/(-2 - 0). Suppose 7*g - 62 - 29 = r. What are the prime factors of g?
13
Let t be (-2)/9 - (-572)/(-18). Let b = t + 12. List the prime factors of b/12*(-2 + -1).
5
Let f(y) = y**3 + 20*y**2 - 22*y + 11. List the prime factors of f(-10).
1231
Let d(x) = -x**2 + 1. Let v(s) = 12*s**2 - s + 2. Let t(f) = -6*d(f) + 3*v(f). List the prime factors of t(2).
2, 3
Let q = -28 + 20. Let m be (-8)/10*(3 + q). Suppose 3*v - m*v + 26 = 0. What are the prime factors of v?
2, 13
Suppose 51 = -3*r - 453. List the prime factors of r/(-21)*63/2.
2, 3, 7
Suppose -z + 5*z - 20 = 0, -3*w = -5*z + 64. Let v(r) = r + 21. Let c be v(w). Let n(d) = d**2 - 5*d - 6. List the prime factors of n(c).
2, 3
Let q(u) = 10*u + 4. Suppose 0 = c - 2*c + 26. Let i = 28 - c. List the prime factors of q(i).
2, 3
Suppose -5*y + 4*a + 15883 + 2187 = 0, -2*a = 0. What are the prime factors of y?
2, 13, 139
Let p(r) = r**2 - 11*r + 91. What are the prime factors of p(36)?
991
What are the prime factors of -12*(-331826)/1320 - 2/(-5)?
7, 431
Suppose 0 = -4*a + 4*y + 7121 + 16371, 0 = 2*y. What are the prime factors of a?
7, 839
Suppose 0 = -5*y + 5 + 5, -3*r - 4*y + 185 = 0. Suppose 0 = 3*g - 284 + r. What are the prime factors of g?
3, 5
Let c(w) = -w**3 + 4*w**2 + 3*w - 3. Let k be c(4). Suppose -2*a = f - 7, 5*a = 2*f + k - 59. What are the prime factors of f?
3, 5
Suppose -5*x + 2*q + 14 = 4*q, 0 = -2*x + q + 2. Suppose -656 = -x*m - 24. List the prime factors of m.
2, 79
Let k = 22 + -20. Suppose -62 = -p - 2*x - 3*x, -3*x = k*p - 96. What are the prime factors of p?
2, 3, 7
Suppose 8*i - 17901 = -i. List the prime factors of i.
3, 13, 17
Let a(x) = 3*x**3 + 4*x**2 - 14*x + 59. List the prime factors of a(5).
2, 29
Let t = 3473 + -2264. List the prime factors of t.
3, 13, 31
Let v be -2*(2 + (-8)/2). Suppose -5*a = 4*y + y - 275, -v*a = -2*y - 232. What are the prime factors of a?
3, 19
Suppose 0 = c - 1480 + 296. Let u be c/(-24) + 4/3. Let q = 94 + u. What are the prime factors of q?
2, 23
Let p = 112 - 25. Suppose -v = 2*v - p. List the prime factors of v.
29
Let s = 40 - 38. Suppose -j + 138 = -0*f + s*f, 3*f = -3*j + 420. List the prime factors of j.
2, 71
Suppose 180*s = 218*s - 34542. List the prime factors of s.
3, 101
Let w = 4 - -5. Suppose w*r = 7*r + 6. Suppose r*q + 0*q - 54 = 0. List the prime factors of q.
2, 3
Let h = -78 + 154. Let n = h - 49. List the prime factors of n.
3
Let x(m) = -m**3 - 2*m**2 + m - 28. What are the prime factors of x(-8)?
2, 3, 29
Suppose 3*b - 1174 = 2*b - 2*v, 0 = -3*b - 2*v + 3526. List the prime factors of b.
2, 3, 7
Suppose -4*c + 4635 = 5*z, -3*c - 4*z - 3515 = -6*c. List the prime factors of c.
5, 233
Suppose 3*w - 7078 = 275. What are the prime factors of w?
3, 19, 43
Let s(v) = 4*v**3 + 5*v**2 + v - 29. What are the prime factors of s(8)?
2347
Let z(f) be the second derivative of f**4/12 - f**3/3 + 3*f**2/2 + 18*f. List the prime factors of z(-7).
2, 3, 11
What are the prime factors of 2 - 0 - ((-3105 - -18) + 15)?
2, 29, 53
Let l(x) = x**2 + 12*x + 15. Let h be l(-11). Suppose h + 8 = -2*m. What are the prime factors of 3/m - 41/(-2)?
2, 5
Let d(g) = 23*g**2 + 138*g - 2. What are the prime factors of d(-7)?
3, 53
Let o(n) be the first derivative of 23/2*n**2 + 2*n + 8. List the prime factors of o(2).
2, 3
Let c be 1976/56 + (-2)/7. What are the prime factors of (-1)/((c/195)/(-7))?
3, 13
Suppose 13*d - 14*d = -933. List the prime factors of d.
3, 311
Let o(g) = g**3 + 28*g**2 - 14*g + 37. List the prime factors of o(-28).
3, 11, 13
Let w = 550 - 312. Suppose 10*v - 822 = w. What are the prime factors of v?
2, 53
Let q = 2737 + -1458. List the prime factors of q.
1279
Suppose -3*g + 2*g - 37 = 0. Let d = g + 38. List the prime factors of (-1 - d) + 23 + 21.
2, 3, 7
Suppose 3*k + 4*k = 1372. Suppose y - k = -2*y - 5*m, -2*y - 5*m + 139 = 0. List the prime factors of y.
3, 19
Suppose -12*t + 7038 = 1122. List the prime factors of t.
17, 29
Let q be -11 - -2*3/(-6). Let k = 6 + q. Let r(c) = -2*c + 1. List the prime factors of r(k).
13
Let w = -60 + 120. Let j = 66 - w. List the prime factors of j.
2, 3
Let l be 3 - (0 - 0/(-4)). Let w(f) = 2*f - 3. Let x be w(l). Suppose -8 = -3*b + b, -44 = -2*j - x*b. List the prime factors of j.
2
Let i(s) = 2*s**3 - 11*s**2 + 20*s. Let m be i(8). Let r = -275 + m. What are the prime factors of r?
5, 41
What are the prime factors of (1093*(-5)/10)/((-2)/4)?
1093
Suppose -2*d + 113 = -87. Let y be ((-1)/2)/(1/d). Let c = y - -84. List the prime factors of c.
2, 17
Suppose j + 6 = -2*j. List the prime factors of j - -5 - (-2 + -26).
31
Let o = 26 + -23. Suppose 4*w + 6*q = o*q + 339, w + q - 85 = 0. List the prime factors of w.
2, 3, 7
Suppose 0 = -3*s - 4*p + 4539, s - 308 - 1218 = 3*p. List the prime factors of s.
37, 41
List the prime factors of ((-6 - -9 - 559) + 3)/(-1).
7, 79
Let k(t) = -9*t + 15. Let r(s) = -28*s + 44. Let u(v) = -7*k(v) + 2*r(v). Let l be u(13). Suppose -3*q + l = -q. What are the prime factors of q?
37
Suppose 2*q - 6 = 4*s - 0*s, -3*q - 41 = 4*s. Let p be (-24)/(0 - -2)*-1. Let l = p + q. List the prime factors of l.
5
Let r be ((-16)/10)/((-8)/40). Let a(n) = 7*n**2 - 5*n + 2. Let t(d) = -d**2 - d. Let f(m) = -a(m) - 6*t(m). What are the prime factors of f(r)?
2, 11
Let q = 135 - 132. Suppose -4*g = -q*g - 5, 109 = 3*v - g. List the prime factors of v.
2, 19
Let h(y) = y**2 + 6*y - 61. List the prime factors of h(-35).
2, 3, 53
Let a(x) = -3*x - 11. Let t(u) = -u. Suppose -y = -3, 2*o + 3*y - 6 - 1 = 0. Let s(k) = o*a(k) + 4*t(k). What are the prime factors of s(-13)?
2, 3
What are the prime factors of 217/(-124) + (-871)/(-4)?
2, 3
Let v(b) = 4740 + 0*b**2 - b**2 - b + 266*b**3 - 4739. What are the prime factors of v(1)?
5, 53
Let q(g) = 17*g - 56. List the prime factors of q(12).
2, 37
Let t(y) = y + 10. Let p be t(-4). Let o(l) = 2*l**2 + 6*l - 4. Let v be o(p). Let r = v + -61. List the prime factors of r.
43
Suppose -20 = 4*h, -27 = 3*l - 7*l + 3*h. Suppose l*r = -4*z + 41, r - 30 = -r - 2*z. Suppose r = -u + 5*k, -2*u - 2*k = -3*u - 4. List the prime factors of u.
2, 3
List the prime factors of (-12)/48 + 1671/12.
139
Let s be (39 - -2 - 2)*24/18. Suppose -s = 2*a - 138. List the prime factors of a.
43
What are the prime factors of 430/9*(-41 + 50)?
2, 5, 43
Let b(a) = -a**2 + 0*a + 53 - 2*a + 2*a - a. List the prime factors of b(0).
53
Let p(g) = 19*g + 76. What are the prime factors of p(7)?
11, 19
Let o = -1 + 10. Let q = 13 - o. What are the prime factors of (-118)/(-4) + 2/q?
2, 3, 5
Let o = -38 - -41. Let k be (-2)/9 + 454/18. Suppose k = o*s + 2*s. List the prime factors of s.
5
Let o(q) be the third derivative of q**5/30 + q**4/3 - q**3 - 17*q**2. List the prime factors of o(-7).
2, 3
Let k(o) = -o**2 + 4*o + 8. Let i be k(7). Let f(h) = 3*h - 15*h + 4*h + 5*h + 3. List the prime factors of f(i).
2, 3, 7
Let d(y) = 25*y - 16. What are the prime factors of d(63)?
1559
Let v be 4*(-3)/6*-2. Suppose 3*t - 3*k - 2*k = 82, 0 = -v*t + 3*k + 124. List the prime factors of t.
2, 17
Let r(h) = -2*h - 1. Let b(i) = -15*i - 7. Let l(a) = 4*b(a) - 28*r(a). Let w be (-30)/4*8/10. List the prime factors of l(w).
2, 3
Suppose 15 = 3*o + 6. Suppose 0 = -o*r + z + 2*z + 153, -3*z + 107 = 2*r. List the prime factors of r.
2, 13
Let i = 17 + -10. Let f = i + -4. What are the prime factors of -2 + 4 + f + 3?
2
Let x be 15 + -11 + 1 + -2. Suppose -x*j = 4*o - 3*o - 105, 24 = j + 4*o. What are the prime factors of j?
2, 3
Let l(a) = -11*a - 76. Let g be l(-7). Suppose -2*x - 9 = 3. What are the prime factors of 8/x*(-19 + g)?
2, 3
Suppose s - 3*f = 6 + 236, 4*s - 4*f = 968. Suppose 3*g + s = 2*k, -8*g + 6*g = 2*k - 252. What are the prime factors of k?
2, 31
Suppose i - 6*i = -3430. List the prime factors of i.
2, 7
Let p(m) = -m**3 + 41*m**2 + 65*m - 130. What are the prime factors of p(42)?
2, 11, 19
What are the prime factors of (-1885)/(-169) + (-2)/13?
11
Suppose -2*p = 4*g - 1124, 0 = 5*p + g + 63 - 2873. List the prime factors of p.
2, 281
Let t = -1541 + 2309. What are the prime factors of t?
2, 3
Let t = -45 + 74. Suppose 6*a = -p + 3*a + t, -3